 r be 2/6*12*(-1 + 2). Suppose -2*f + 4*f = -r*c + 1298, 5*c - f - 1626 = 0. What is the hundreds digit of c?
3
Suppose -434*m + 54074 = -432*m. What is the units digit of m?
7
Suppose 3*h - 5*p - 1 + 0 = 0, 0 = -h + 4*p - 2. Suppose -5*r - h*z + 7*z + 40 = 0, -z - 2 = 0. Let q = 53 - r. What is the tens digit of q?
4
Suppose -39787 = -i + 3*l, -4*l - 119409 = -3*i - 7*l. What is the ten thousands digit of i?
3
Suppose -6 = 64*i - 67*i. Suppose i*h = 3*x - 2981, h - 3270 - 1707 = -5*x. What is the units digit of x?
5
Let k = 27869 - 8765. What is the units digit of k?
4
Let d(l) = 1934*l + 282. Let t be d(5). Suppose -9*s + t = 23*s. What is the units digit of s?
1
Suppose 32357 = 9*w + 4*w. Let j = w + -1632. What is the hundreds digit of j?
8
Suppose 0 = -4*i - 4*y + 19968, 2*y = -27*i + 32*i - 24995. What is the tens digit of i?
9
Let v = 3439 + 1406. What is the hundreds digit of v?
8
Let v(b) = -2*b + 197. Let a(g) = g**3 - 6*g**2 - 7*g. Let k be a(7). Let c be v(k). Suppose 4*n - 5*d - c = 55, 5*d = -3*n + 154. What is the tens digit of n?
5
Let a(u) = u**2 - 28*u - 25. Let p be a(29). Suppose -r + 20 = -p. What is the tens digit of r?
2
Let k(p) = -p**2 - 11*p + 23 - 55 - 9*p + 28. Let r be -2*(-4)/(1 - 2). What is the units digit of k(r)?
2
Suppose 0 = 4*z + 5*z - 378. Let q be (z/28)/((-3)/(-2)). What is the tens digit of (176/(-20))/(q/(-5))?
4
Let v(j) = 6*j**3 - 6*j**2 - 15*j - 63. Let o be v(-5). What is the tens digit of (51 + o)*(0 - 1)?
3
Suppose 4*m + 0*m = -4*p + 36, -4*p - m + 27 = 0. What is the hundreds digit of p + -4 + 1*970?
9
Suppose -3*o + 0 = 3*z - 30, -4*z + 5*o = -4. Let j(x) = 2*x**2 + 7*x - 5. Let f be j(-7). Suppose z*r = 556 + f. What is the tens digit of r?
0
Let d(y) = 3*y**2 - 61*y - 131. What is the thousands digit of d(-19)?
2
Suppose 5*a = 2*h + 7, -3*a + 2*a - 4*h + 19 = 0. Suppose 2*w + 4 = 0, a*v + 16*w - 1441 = 21*w. What is the tens digit of v?
7
Suppose 148*z + 94100 = 168*z. What is the tens digit of z?
0
Let a(n) = 212*n - 49. Let t be 11 - 2/((-12)/(-30)). What is the thousands digit of a(t)?
1
Let w = 113 + 40. Let p = w - 62. Let s = p - -36. What is the hundreds digit of s?
1
Suppose 0 = -3*p + 4*s + 14785, -13797 = -3*p - s + 983. What is the hundreds digit of p?
9
Let z = -235 - -474. Let n = z + -56. What is the units digit of n?
3
Let z = -1565 - -2526. What is the units digit of z?
1
Let h = 2454 + 3008. What is the hundreds digit of h?
4
Let a(n) = n**2 + 3*n - 22. Let b(z) = -2*z**2 + 3*z - 1. Let t be b(3). Let s = 17 + t. What is the tens digit of a(s)?
4
Let d = 270 + -270. Suppose -2*u - 8*u + 7810 = d. What is the units digit of u?
1
Let u(g) = 8621*g + 125. What is the units digit of u(1)?
6
Suppose 3*p - 15633 = 31*q - 28*q, 4*p = -2*q + 20838. What is the hundreds digit of p?
2
Let x be 5/2 - (21/(-6) + 3). Suppose -13 = n + 3*t, -x*t = -2*n - 5*t - 6. Suppose -12*h = -n*h - 1110. What is the units digit of h?
1
Let v(t) be the second derivative of -t**4/6 + 23*t**3/6 - 21*t**2/2 - 65*t. What is the units digit of v(9)?
4
Suppose 90 = 8*t + 10*t. Suppose -z = z + 2*y - 704, -5*y = -t. What is the tens digit of z?
5
Suppose 557*q - 5*s = 553*q + 3902, 4*q - 3962 = -5*s. What is the units digit of q?
3
Suppose -3*h + 30836 = 4*b, 11*b - 6*b - 30838 = -3*h. Suppose 23*m - 31413 = -h. What is the hundreds digit of m?
9
Let n = -20071 + 47580. What is the ten thousands digit of n?
2
What is the thousands digit of (-10)/(-2) - -27402*(-7 - 161/(-21))?
8
Let c = -749 - -714. What is the tens digit of 4684/10 + ((-112)/c)/(-8)?
6
Let l(q) be the third derivative of q**6/60 - q**5/40 + 5*q**3/2 - 14*q**2. Let r(m) be the first derivative of l(m). What is the tens digit of r(-3)?
6
Let i = 16963 + -9539. What is the hundreds digit of i?
4
Let d(r) = 9*r**3 + r**2 + 10*r - 7. Let o be d(3). What is the hundreds digit of (28 + o)*(1 + 0)?
3
Let m(j) = 20*j - 11. Let d be m(-1). Let u(w) = w**3 + 31*w**2 - 41*w + 21. What is the tens digit of u(d)?
9
Let w(n) = 13*n**2 + 8*n + 13. Let k be w(-2). Let m = 152 - k. What is the units digit of m?
3
Suppose 3*v = -s + 587, -2*s + s = -2. Suppose -531 = -6*l + v. What is the tens digit of l?
2
Let c(z) = -257*z - 240. Let r be c(-6). What is the tens digit of r/5*(-40)/(-16)?
5
Suppose -39*t + 876546 = -46194. What is the thousands digit of t?
3
Suppose -a - 5*a = -18. Let n be a/(-6) - (-2211)/6. Suppose -160 - n = -3*d. What is the tens digit of d?
7
Let d be (-3)/(-51) - (-1710)/(-170). What is the hundreds digit of (-744)/15*d/1?
4
Let f = 4 - 1. Let i be (1*394)/(5 - 3). Suppose -f*u = 20 - i. What is the tens digit of u?
5
Let u = -287 + 280. Let c(m) = -30*m + 36. What is the hundreds digit of c(u)?
2
Suppose -7*w + 12332 = -27547. Suppose -7*q = -330 - w. What is the tens digit of q?
6
Suppose -4*n = -3*j + 6*j - 15, 2*n = -j + 7. Suppose 0 = -2*v + 2*s + 14, n*v + 4*s = 2*s + 6. Suppose v*h - 272 = -68. What is the units digit of h?
1
Let l = -4690 + 11576. Suppose 0 = -5*k + 2*z + l, 5*k + 29*z - 24*z - 6865 = 0. What is the thousands digit of k?
1
Let k = -3233 + 4963. What is the tens digit of k?
3
Let v(q) = -2*q**2 - 13*q + 23. Let x be v(-8). What is the hundreds digit of 594/(-22)*(x + 22/(-6))?
1
Suppose -230 = -10*z + 3760. Suppose 2*m + 3*s = -2*s + z, -3*s - 759 = -4*m. What is the hundreds digit of m?
1
Suppose 27*x - 5*p = 26*x + 28114, 4*x = 3*p + 112524. What is the tens digit of x?
3
Let q = 27 - 41. Let b be 0/(q/4*12/(-21)). Suppose 0 = -9*x - b*x + 1278. What is the hundreds digit of x?
1
Let m(t) be the first derivative of 319*t**2 - 22*t + 159. What is the units digit of m(1)?
6
Suppose -33 = -5*o + 17. Suppose -7*u + 3 = -o*u. What is the units digit of (-2)/5 + ((-426)/(-15) - u)?
9
Suppose -12*z = -37276 + 5236. Suppose -4390 = -3*x - 7*g, -3*g + z + 265 = 2*x. What is the thousands digit of x?
1
Let k(i) = -698*i**3 + 10*i**2 - 11*i + 21 + 699*i**3 + i. Let q be k(-10). Let t = 148 - q. What is the tens digit of t?
2
Suppose 2*d - 17 + 8 = -3*i, -4*i = -2*d - 12. Let a = 8 - i. Suppose -4*q + 34 = -k, 2*k = q - 0*k - a. What is the units digit of q?
9
Suppose 2*y = 4*v - 19043 + 103807, 2*v + 84776 = 2*y. What is the tens digit of y?
9
Suppose 5*d + f + 39335 + 4810 = 0, 2*d + 17640 = -4*f. What is the units digit of (-1)/5 - d/25?
3
Let c(l) be the third derivative of 305*l**4/8 + 5*l**3/2 - 6*l**2. Let r be c(3). What is the units digit of r/16 + 1/(-2)?
2
Suppose 2*y - 60880 = -5*a, -y = -a + 16610 - 4434. What is the thousands digit of a?
2
Suppose -39*z = -17*z - 155122. Suppose -7*g - 905 + z = 0. What is the units digit of g?
8
Suppose -92*r + 181*r - 3845156 = 0. What is the units digit of r?
4
Suppose -3*t - 25*c = -20*c - 85701, 3*c - 18 = 0. What is the ten thousands digit of t?
2
Suppose -3*n = 7 - 571. Suppose 269 - 53 = 2*j. Let b = n - j. What is the tens digit of b?
8
Let p = -14453 - -25988. What is the tens digit of p?
3
Let f(z) = z**3 + 23*z**2 + 18*z + 144. Let d be f(-22). Suppose -t - d = -1102. What is the hundreds digit of t?
8
Suppose -11*h = -6*h - 16100. Suppose -h + 490 = -13*d. What is the tens digit of d?
1
Let g = -167 + 99. What is the units digit of 266*((-17)/g + (-82)/(-56))?
6
Suppose 0 = 9*u - 4*u - 140. Let p be 30/(-12)*u/(-10). Suppose -3*x + 557 = -p*r + 5*r, -2*x = -2*r - 372. What is the tens digit of x?
8
What is the tens digit of (-57)/190 - (-3527623)/110?
6
Let j(s) be the third derivative of 13/6*s**3 + 0 + 0*s - 1/60*s**5 - 3/8*s**4 + 10*s**2. What is the tens digit of j(-9)?
1
Let n = -58948 - -84569. What is the ten thousands digit of n?
2
Suppose -7*m + 11*m = -5*x + 30017, 15033 = 2*m - x. What is the units digit of m?
3
Let k = 43 + -38. Let f(d) = -17*d + 1. Let q be f(k). Let m = q + 146. What is the tens digit of m?
6
Suppose 0 = 2*q - c - 3*c + 90, 0 = 2*c. Let x be 36/q + (-286)/5. Let r = x - -109. What is the units digit of r?
1
Let h(z) be the second derivative of z**5/20 + z**4 + z**3/2 + 25*z**2/2 - 6*z. Let f be h(-11). Let k = f - 63. What is the tens digit of k?
5
What is the thousands digit of (-420)/(-50) - (-8)/(-20) - -2766?
2
Let d(r) = -8*r**2 - 32*r - 81. Let c(m) = -11*m**2 - 47*m - 121. Let t(i) = 5*c(i) - 7*d(i). What is the tens di